{"id":148,"date":"2017-01-12T08:56:52","date_gmt":"2017-01-12T07:56:52","guid":{"rendered":"http:\/\/durand-psychologies.info\/?page_id=148"},"modified":"2017-01-12T08:58:20","modified_gmt":"2017-01-12T07:58:20","slug":"icv","status":"publish","type":"page","link":"https:\/\/durand-psychologies.info\/index.php\/icv\/","title":{"rendered":"Int\u00e9gration du Cycle de Vie"},"content":{"rendered":"<header class=\"entry-header\">\n<h1 class=\"entry-title\">ICV \u2013 Int\u00e9gration du Cycle de Vie<\/h1>\n<\/header>\n<div class=\"entry-content\">\n<p>L\u2019int\u00e9gration du Cycle de Vie a \u00e9t\u00e9 d\u00e9velopp\u00e9e par <a href=\"http:\/\/www.aficv.com\/\" target=\"_blank\"><strong>Peggy Pace<\/strong><\/a> aux Etats Unis.<\/p>\n<p>Cette m\u00e9thode est particuli\u00e8rement indiqu\u00e9e pour soigner <strong>les traumatismes<\/strong>r\u00e9cents ou anciens, ainsi que les probl\u00e9matiques li\u00e9es aux troubles de l\u2019attachement dans la petite enfance (<strong>d\u00e9pressions<\/strong>, <strong>d\u00e9pendances<\/strong> \u2013 alcool, cannabis, drogues dures, voire le jeu vid\u00e9o, <strong>insomnies<\/strong>, <strong>troubles alimentaires<\/strong>)<\/p>\n<p>Elle\u00a0s\u2019appuie sur trois principes\u00a0:<\/p>\n<ul>\n<li><strong>La Ligne du Temps<\/strong><\/li>\n<li><strong>La th\u00e9orie de l\u2019attachement<\/strong><\/li>\n<li><strong>Les d\u00e9couvertes les plus r\u00e9centes sur le fonctionnement neuronal<\/strong><\/li>\n<\/ul>\n<p><strong>\u00a0<\/strong><\/p>\n<ol>\n<li><strong>La Ligne du Temps<\/strong><\/li>\n<\/ol>\n<p>La ligne du temps est l\u2019outil principal d\u00e9velopp\u00e9 par Peggy Pace. Lors de traumatismes, pr\u00e9coces ou anciens, les souvenirs traumatiques ne sont pas trait\u00e9s par le cerveau comme \u00e9tant un \u00e9v\u00e8nement termin\u00e9, mais restent enkyst\u00e9s. La personne les revit constamment, sous formes de peurs inadapt\u00e9es, de reviviscences ou de cauchemars. L\u2019objectif de la pratique est de permettre au cerveau d\u2019exp\u00e9rimenter que la situation a \u00e9volu\u00e9e et que le danger v\u00e9cu n\u2019est plus pr\u00e9sent.<\/p>\n<p>&nbsp;<\/p>\n<ol start=\"2\">\n<li><strong>La Th\u00e9orie de l\u2019Attachement<\/strong><\/li>\n<\/ol>\n<p><strong>\u00a0<\/strong>D\u00e9velopp\u00e9e depuis les ann\u00e9es 1960 par <a href=\"http:\/\/fr.wikipedia.org\/wiki\/Th%C3%A9orie_de_l%27attachement\" target=\"_blank\"><strong>J. Bowlby<\/strong><\/a>, la th\u00e9orie de l\u2019attachement part de <strong>l\u2019observation de jeunes enfants<\/strong>. L\u2019ensemble des \u00a0mammif\u00e8res, et les humains en particuliers, ont un <strong>besoin fondamental de la pr\u00e9sence rassurante d\u2019une figure parentale dans les premi\u00e8res ann\u00e9es de leur vie<\/strong>. Chez les humains, cette p\u00e9riode dure <strong>cinq ans<\/strong>. Les \u00e9v\u00e8nements douloureux \u2013 violence, douleur physique, agressions psychiques \u2013 seront mieux v\u00e9cues si le tout petit peut \u00eatre r\u00e9confort\u00e9 par un adulte bienveillant, non jugeant et pr\u00e9sent. Les traumatismes seront d\u2019autant plus marqu\u00e9s\u00a0 que l\u2019adulte sens\u00e9 prot\u00e9ger l\u2019enfant sera d\u00e9faillant, voire auteur de l\u2019agression \u2013 comme dans les cas d\u2019<strong>abus sexuel<\/strong> ou d\u2019autres types de <strong>maltraitance<\/strong>.<\/p>\n<p><strong>Le travail en ICV vise \u00e0 r\u00e9tablir un attachement s\u00e9curis\u00e9,<\/strong> r\u00e9actualis\u00e9 au pr\u00e9sent.<\/p>\n<p>&nbsp;<\/p>\n<ol start=\"3\">\n<li><strong>Les d\u00e9couvertes les plus r\u00e9centes sur le fonctionnement neuronal<\/strong><\/li>\n<\/ol>\n<p>Plusieurs \u00e9l\u00e9ments du fonctionnement neuronal sont utilis\u00e9s dans le cadre de cette th\u00e9rapie.<\/p>\n<p>Un des objectifs sera de relier des <strong>r\u00e9seaux neuronaux<\/strong> entre eux. L\u2019exp\u00e9rience r\u00e9v\u00e8le que deux neurones simul\u00e9s conjointement cr\u00e9ent des liaisons synaptiques entre eux. Plus les neurones sont stimul\u00e9s, plus le lien devient fort. A force de r\u00e9p\u00e9tition, de v\u00e9ritables autoroutes synaptiques sont cr\u00e9es, reliant des r\u00e9seaux entre eux. Les exp\u00e9riences traumatiques du pass\u00e9 vont ainsi \u00eatre rattach\u00e9es au pr\u00e9sent, et ainsi int\u00e9gr\u00e9es.<\/p>\n<p>Un autre objectif sera de d\u00e9velopper, par la<strong> visualisation<\/strong>, de nouvelles exp\u00e9riences. A un certain niveau de conscience, le cerveau ne fait pas la diff\u00e9rence entre la r\u00e9alit\u00e9 et l\u2019imagination d\u2019une r\u00e9alit\u00e9. Le th\u00e9rapeute est donc \u00e0 m\u00eame de proposer de <strong>nouvelles exp\u00e9riences<\/strong> qui pourront<strong> s\u2019int\u00e9grer harmonieusement<\/strong>dans le psychisme et litt\u00e9ralement <strong>raccommoder les exp\u00e9riences d\u00e9faillantes de l\u2019attachement<\/strong>.<\/p>\n<\/div>\n","protected":false},"excerpt":{"rendered":"<p>ICV \u2013 Int\u00e9gration du Cycle de Vie L\u2019int\u00e9gration du Cycle de Vie a \u00e9t\u00e9 d\u00e9velopp\u00e9e par Peggy Pace aux Etats Unis. Cette m\u00e9thode est particuli\u00e8rement indiqu\u00e9e pour soigner les traumatismesr\u00e9cents ou anciens, ainsi que les probl\u00e9matiques li\u00e9es aux troubles de l\u2019attachement dans la petite enfance (d\u00e9pressions, d\u00e9pendances \u2013 alcool, cannabis, drogues dures, voire le jeu [&hellip;]<\/p>\n","protected":false},"author":1,"featured_media":0,"parent":0,"menu_order":0,"comment_status":"closed","ping_status":"closed","template":"","meta":{"footnotes":""},"class_list":["post-148","page","type-page","status-publish","hentry"],"_links":{"self":[{"href":"https:\/\/durand-psychologies.info\/index.php\/wp-json\/wp\/v2\/pages\/148","targetHints":{"allow":["GET"]}}],"collection":[{"href":"https:\/\/durand-psychologies.info\/index.php\/wp-json\/wp\/v2\/pages"}],"about":[{"href":"https:\/\/durand-psychologies.info\/index.php\/wp-json\/wp\/v2\/types\/page"}],"author":[{"embeddable":true,"href":"https:\/\/durand-psychologies.info\/index.php\/wp-json\/wp\/v2\/users\/1"}],"replies":[{"embeddable":true,"href":"https:\/\/durand-psychologies.info\/index.php\/wp-json\/wp\/v2\/comments?post=148"}],"version-history":[{"count":2,"href":"https:\/\/durand-psychologies.info\/index.php\/wp-json\/wp\/v2\/pages\/148\/revisions"}],"predecessor-version":[{"id":154,"href":"https:\/\/durand-psychologies.info\/index.php\/wp-json\/wp\/v2\/pages\/148\/revisions\/154"}],"wp:attachment":[{"href":"https:\/\/durand-psychologies.info\/index.php\/wp-json\/wp\/v2\/media?parent=148"}],"curies":[{"name":"wp","href":"https:\/\/api.w.org\/{rel}","templated":true}]}}