{"id":109,"date":"2017-01-11T11:58:54","date_gmt":"2017-01-11T10:58:54","guid":{"rendered":"http:\/\/durand-psychologies.info\/?page_id=109"},"modified":"2017-01-12T13:39:40","modified_gmt":"2017-01-12T12:39:40","slug":"references-et-articles","status":"publish","type":"page","link":"https:\/\/durand-psychologies.info\/index.php\/references-et-articles\/","title":{"rendered":"R\u00e9f\u00e9rences et articles"},"content":{"rendered":"<p><a href=\"https:\/\/durand-psychologies.info\/index.php\/articles-gestion-des-emotions\/\">Gestion des \u00e9motions<\/a><\/p>\n<p><a href=\"https:\/\/durand-psychologies.info\/index.php\/articles-icv\/\">Int\u00e9gration du cycle de vie<\/a><\/p>\n<p><a href=\"https:\/\/durand-psychologies.info\/index.php\/articles-meditation\/\">M\u00e9ditation de pleine conscience<\/a><\/p>\n","protected":false},"excerpt":{"rendered":"<p>Gestion des \u00e9motions Int\u00e9gration du cycle de vie M\u00e9ditation de pleine conscience<\/p>\n","protected":false},"author":1,"featured_media":0,"parent":0,"menu_order":0,"comment_status":"closed","ping_status":"closed","template":"","meta":{"footnotes":""},"class_list":["post-109","page","type-page","status-publish","hentry"],"_links":{"self":[{"href":"https:\/\/durand-psychologies.info\/index.php\/wp-json\/wp\/v2\/pages\/109","targetHints":{"allow":["GET"]}}],"collection":[{"href":"https:\/\/durand-psychologies.info\/index.php\/wp-json\/wp\/v2\/pages"}],"about":[{"href":"https:\/\/durand-psychologies.info\/index.php\/wp-json\/wp\/v2\/types\/page"}],"author":[{"embeddable":true,"href":"https:\/\/durand-psychologies.info\/index.php\/wp-json\/wp\/v2\/users\/1"}],"replies":[{"embeddable":true,"href":"https:\/\/durand-psychologies.info\/index.php\/wp-json\/wp\/v2\/comments?post=109"}],"version-history":[{"count":4,"href":"https:\/\/durand-psychologies.info\/index.php\/wp-json\/wp\/v2\/pages\/109\/revisions"}],"predecessor-version":[{"id":204,"href":"https:\/\/durand-psychologies.info\/index.php\/wp-json\/wp\/v2\/pages\/109\/revisions\/204"}],"wp:attachment":[{"href":"https:\/\/durand-psychologies.info\/index.php\/wp-json\/wp\/v2\/media?parent=109"}],"curies":[{"name":"wp","href":"https:\/\/api.w.org\/{rel}","templated":true}]}}